s the highest common divisor of x and 2?
2
Let n = 13 - 13. Suppose n = 15*c + 12 - 147. Calculate the highest common factor of 1 and c.
1
Let j(p) = -p**3 - 11*p**2 + 9*p - 26. Let r be j(-12). What is the highest common factor of 10 and r?
10
Suppose 74*h - 82*h + 96 = 0. Calculate the highest common factor of 12 and h.
12
Let r = -114 - -198. Let u = -180 - -201. What is the greatest common factor of r and u?
21
Let j be (-3 - 44/(-16)) + (-4522)/(-136). Calculate the highest common divisor of j and 627.
33
Let w(r) = 4*r - 8. Let h be w(14). Suppose -52*a = -h*a - 12. Calculate the greatest common divisor of a and 9.
3
Let d(z) = 14 + 25 - 25 + z. Let l be d(6). What is the highest common factor of 5 and l?
5
Let s(q) = 9*q + 9 + 5*q - 10*q + 2*q. Let t be s(10). What is the highest common factor of 23 and t?
23
Suppose -4*g + 0*g = -4. Let b be (g - -1)/((-2)/(-8)). Let u = 742 - 734. Calculate the highest common divisor of u and b.
8
Suppose -v + 5*u = -2*v - 12, -4*v - 2*u = 30. Let m = v + 26. Calculate the greatest common factor of m and 133.
19
Let x(o) = -o**2 - 53*o - 70. Let t be x(-49). Suppose 0*f = -3*h + 2*f + 56, -h + 4*f = -22. Calculate the highest common divisor of t and h.
18
Suppose -3*j + 100 = 2*b, -3*b + 3*j + 246 = 96. Let q = -18637 + 18687. What is the highest common factor of b and q?
50
Suppose -38*i + 6014 = 59*i. Calculate the greatest common factor of 806 and i.
62
Let v = -1330 - -1410. Calculate the highest common divisor of v and 880.
80
Let g be 10/4 + (45/10 - 4). Let a be (g*-1 + 7/(-7))*-1. What is the greatest common divisor of a and 6?
2
Let r be (10/(-18))/((-350)/(-90) - 4). What is the greatest common factor of r and 40?
5
Let p be 42/9 + (-4)/6. Let l(c) = -c**2 + 7*c - 6. Let j be l(p). Suppose -5*h = 2*z - 11, -2*h = -3*h - 4*z - 5. What is the highest common factor of h and j?
3
Suppose -39*n + 58850 = 68*n. What is the highest common divisor of n and 88?
22
Let q be (0/2)/(2 - 0). Suppose 4*u - 1 - 11 = q. Suppose 4*i = 6*i - 5*g - 21, i + 6 = -u*g. Calculate the highest common divisor of 2 and i.
1
Suppose -3*j = o - 1313 - 1461, 2*j = -o + 1849. Calculate the highest common divisor of 37 and j.
37
Let v be (-6)/15*((-15)/(-2))/(-3). What is the highest common factor of v and 31?
1
Let o be (0 + -1)*(-980)/(6 + 1). Calculate the greatest common divisor of o and 100.
20
Let g(s) = 2*s**2 + s + 1. Let h be g(5). Calculate the greatest common divisor of 64 and h.
8
Suppose 75*r - 6*r - 4416 = 0. Let j(q) = 48*q. Let k be j(1). What is the highest common factor of r and k?
16
Let k be 36/(-10 + 6 + (-96)/(-18)). Calculate the highest common factor of 99 and k.
9
Let w be (11/(-2))/((-1)/10). Let t = -31 + w. Suppose 0 = 5*i - 224 + t. What is the highest common divisor of i and 100?
20
Suppose -6*d + 4*d = -4*q + 2244, -1690 = -3*q + 5*d. What is the greatest common divisor of 80 and q?
80
Let u(g) = g + 5. Let b be u(-5). Suppose k + 3*k - 12 = b, k = -3*d + 138. Let i = -13 + 18. What is the highest common divisor of d and i?
5
Let t(y) = -y + 11. Let z be t(6). Suppose 0 = -5*x - z, -n + 2*x - 4 = -2*n. Calculate the highest common factor of 18 and n.
6
Let f(i) = -1 - 7*i - 15 - 23*i**2 + 24*i**2. Let p be f(12). Let l = -29 + p. Calculate the greatest common factor of 90 and l.
15
Let m = -2 + 11. Let i be 128/m + 14/(-63). Calculate the highest common factor of i and 56.
14
Let p be 180 - ((-44)/(-11) - 4). Calculate the highest common factor of 20 and p.
20
Let x(c) = c**3 - 9*c**2 - 28*c - 12. Let l be x(12). Calculate the highest common divisor of 147 and l.
21
Let u(v) = 2*v**3 + 1 - 20*v - 2*v - 9*v - 3*v**3 - 21*v**2. Let w be u(-20). What is the greatest common factor of w and 13?
13
Suppose b = -4*h + 4, 0 = 5*b - 9*h + 4*h - 70. What is the highest common divisor of b and 12?
12
Suppose -133*y = -132*y - 80. Calculate the greatest common factor of y and 70.
10
Suppose 3*u + 5*p - 507 + 119 = 0, 148 = u - 3*p. Let i = u + -97. What is the highest common divisor of 91 and i?
13
Suppose 3 + 7 = 2*w, 0 = s + 5*w - 131. Calculate the greatest common divisor of s and 2.
2
Suppose -5721 = -7*l + 110. What is the highest common divisor of 245 and l?
49
Let b(u) = u**2 + u - 2. Let y be b(2). Let d be 6 + 90/(-20) - 85/(-10). Calculate the greatest common divisor of d and y.
2
Let j be ((-12)/10)/(6/16)*-5. Let m = 18 - j. What is the greatest common divisor of 6 and m?
2
Suppose 42*w = 38*w + 80. What is the greatest common divisor of w and 190?
10
Let t(x) be the first derivative of 11*x**4/4 - 2*x**3/3 + x**2/2 + 9. Let f be t(1). Let w = -61 + 71. Calculate the greatest common divisor of w and f.
10
Suppose 0 = -3*q + 2*c + 20, 0 = 3*q - 4*c + 3*c - 22. Let o be 4/q*-3*-34. What is the highest common factor of o and 204?
51
Suppose -2124 = -46*t + 3948. Calculate the greatest common factor of 144 and t.
12
Let p(z) = -5*z - 1. Let c(s) = -4*s - 2. Let b(w) = -6*c(w) + 5*p(w). Let m be b(-5). What is the highest common divisor of 36 and m?
12
Let z = 753 + -483. Calculate the greatest common divisor of z and 45.
45
Let j be (-1)/(-2)*(-2 - -4). Let v be (-226)/(-6) - j*(-1)/3. What is the highest common factor of v and 19?
19
Let c = 255 + -159. Suppose 0 = -4*s + c + 12. Calculate the greatest common divisor of s and 18.
9
Let z(m) = -m + 3. Let i be z(2). Let t(o) = o**2 - 6*o + 1. Suppose -28 = 141*u - 145*u. Let a be t(u). What is the greatest common factor of a and i?
1
Let b(z) = -z**2 - 9*z - 9. Let j be b(-6). Let t(v) = v**3 - 6*v**2 + 2. Let a be t(3). Let x = 43 + a. What is the greatest common factor of x and j?
9
Let n be 231/(-55) - (-8)/(-10). Let c = 4 - n. Let k be (-220)/(-6) + 4/(-6). Calculate the highest common divisor of c and k.
9
Let r(y) = 14*y**2 + 17*y - 27. Let m be r(2). Let a = -10 + 19. What is the greatest common factor of a and m?
9
Let c = 480 - 272. Suppose -3*n + 2*w + 29 = 0, 2*n - w - 9 - 9 = 0. Let m = n + 19. Calculate the highest common factor of m and c.
26
Let n = -16 - -20. Let h = 83 - 82. What is the highest common factor of h and n?
1
Suppose -42*d = -37*d - 25. Suppose 0 = d*k + 2*r - 155, -5*r = k - 6*k + 190. Calculate the greatest common factor of 22 and k.
11
Suppose 665*y = 689*y - 768. Calculate the highest common divisor of 2752 and y.
32
Suppose -u = -3*i + 44, 3*i - 76 = -2*i + u. Calculate the greatest common factor of i and 304.
16
Let h(p) = p**3 + p**2 - 3*p + 4. Let i be h(4). Suppose -2*y + 6 = -5*y, -5*j = -3*y - 96. What is the greatest common factor of j and i?
18
Suppose 1482 = 5*g + 3*y, 0 = 4*g - 8*y + 7*y - 1189. What is the greatest common factor of 27 and g?
27
Let w(p) = 3*p + 2. Let b be w(4). Let j = -37 - -37. Suppose j*l = -4*l + 5*h + 18, l + 4 = -3*h. What is the highest common divisor of b and l?
2
Let f(s) = -18*s**2 + 10*s**2 + 9*s**2 - s + 3. Let d be f(7). What is the highest common divisor of 18 and d?
9
Let n(p) = 14*p - 97. Let r be n(17). What is the highest common divisor of r and 47?
47
Let y = -8 + 37. Let a be 290/6*(-2 + -3 + 8). What is the greatest common divisor of y and a?
29
Suppose 0 = 2*x - 2*z - 298, x + 151 = 2*x + z. Let l = -32 + 36. Suppose l*b - 1 - 59 = 0. What is the highest common factor of b and x?
15
Let s(k) = -6*k + 7. Let w be s(-4). Let u be (-24)/(-36) + 932/6 + -1. What is the greatest common divisor of w and u?
31
Let q be 4 - (27/(-9))/((-2)/(-350)). Calculate the highest common divisor of q and 23.
23
Let z(f) = 5*f**2 - 9*f + 56. Let a be z(6). Calculate the highest common divisor of a and 1365.
91
Let j be 6/(-10) - ((-176)/10 + 3). What is the greatest common factor of j and 70?
14
Let w = 91 + -31. Let z = -4 - -1. Let u be 2 - (z + 3 - 10). Calculate the greatest common factor of u and w.
12
Let x = 295 - 290. Calculate the greatest common divisor of 5 and x.
5
Suppose -35*l + 39*l = 176. Let s(k) = -k**3 + 3*k**2 + 4*k + 4. Let u be s(4). What is the greatest common divisor of u and l?
4
Let p(r) = r**2 + 2*r + 6. Let o be p(-2). Suppose n - o*n + 190 = 0. What is the greatest common divisor of 19 and n?
19
Suppose -2*r + 930 = -8*r. Let j = r - -319. What is the highest common divisor of 41 and j?
41
Let c = 22 + -10. Let d(x) = -149*x + 912. Let a be d(6). 